- -35a?
-1039
In base 9, what is 165271 - -3?
165274
In base 11, what is -25471 - -4?
-25468
In base 2, what is -101 + 10100100101000010111?
10100100101000010010
In base 13, what is b5 + c71?
1056
In base 15, what is 2 + 2ee0?
2ee2
In base 9, what is -207 + -8655?
-8863
In base 4, what is -3013010 + -3?
-3013013
In base 15, what is -4 + 306d?
3069
In base 12, what is 293 - 351?
-7a
In base 3, what is 12 - 2221221201?
-2221221112
In base 2, what is 100011011100000010 + 11?
100011011100000101
In base 13, what is 16017 - 3?
16014
In base 5, what is 240144230 - 1?
240144224
In base 5, what is -102 - 100431?
-101033
In base 9, what is -34 - -20768?
20734
In base 8, what is -6514610 - 5?
-6514615
In base 16, what is 9b2 + 1d8?
b8a
In base 5, what is -230132 - 12?
-230144
In base 5, what is 140110 + 2?
140112
In base 7, what is 13 - -21330?
21343
In base 13, what is -3 - -33cb56?
33cb53
In base 7, what is -12404111 - 3?
-12404114
In base 9, what is -4 + -77582?
-77586
In base 9, what is 222 + -1033?
-711
In base 4, what is -21 - -12031331?
12031310
In base 6, what is 551503 + -1?
551502
In base 2, what is -11110001011 + 10000101?
-11100000110
In base 14, what is 4 + 205da9?
205dad
In base 7, what is 423216 - 5?
423211
In base 3, what is 120 - -2110002011?
2110002201
In base 15, what is -9d + 9785?
96d7
In base 10, what is 257 - -3132?
3389
In base 15, what is -d1e - -e?
-d10
In base 6, what is 254440 + 5?
254445
In base 5, what is 30 - -12100021?
12100101
In base 13, what is -3 - -2874?
2871
In base 7, what is -4 - -10411552?
10411545
In base 16, what is 5 + 68919?
6891e
In base 11, what is 12a4 + 2743?
3a37
In base 6, what is -115 + 133320?
133201
In base 11, what is 1 - -168531?
168532
In base 4, what is -2231332 - 3020?
-2301012
In base 2, what is 100100100 - -10100100101111?
10101001010011
In base 13, what is -39 + -11ac?
-1218
In base 4, what is 10 - 333121012?
-333121002
In base 10, what is -1 + -1158721?
-1158722
In base 4, what is 211 + -101132?
-100321
In base 10, what is 32289 + 4?
32293
In base 6, what is 12313 - -1151?
13504
In base 16, what is -11dc + 227?
-fb5
In base 11, what is 6 - -56510?
56516
In base 15, what is 10468 + 35?
1049d
In base 15, what is 53b - -11?
54c
In base 14, what is 14d4 + 66?
155a
In base 5, what is -14 - -24303?
24234
In base 11, what is -4048 + -51?
-4099
In base 6, what is -4 - -14334?
14330
In base 8, what is 312715 + 2?
312717
In base 4, what is 322 - -1231?
2213
In base 15, what is 135d + e?
136c
In base 13, what is a33 - -aa?
b10
In base 3, what is 10102001202 + 20?
10102001222
In base 13, what is -652 + -ac?
-731
In base 13, what is 4 + -6957b?
-69577
In base 8, what is 5 - 3425?
-3420
In base 4, what is -12220 + 112?
-12102
In base 6, what is 154521 - 20?
154501
In base 10, what is -99 + 3496?
3397
In base 11, what is -3528 - -2a?
-34a9
In base 16, what is a5 - 8dd?
-838
In base 5, what is -14 - 24223?
-24242
In base 2, what is -11010001100011001110 + 11?
-11010001100011001011
In base 4, what is 31202 - 2213?
22323
In base 12, what is -349 - -13a9?
1060
In base 6, what is 5054 - 545?
4105
In base 12, what is 3328 - -5?
3331
In base 5, what is -1311144 + 14?
-1311130
In base 3, what is 0 - -12011211211?
12011211211
In base 4, what is -120102212 + 10?
-120102202
In base 13, what is -115c4 - -1b?
-115a6
In base 5, what is -2 - -30103131?
30103124
In base 7, what is 524 - 5240?
-4413
In base 13, what is 25 + b8c?
bb4
In base 13, what is -17443a8 + -3?
-17443ab
In base 16, what is 5ab + -2b?
580
In base 2, what is 1011010010101111010 + 0?
1011010010101111010
In base 7, what is -5 - -125631?
125623
In base 16, what is -29 + -143e?
-1467
In base 7, what is 206 + 1050?
1256
In base 11, what is 28 + 25112?
2513a
In base 3, what is 1020220020 - 1211?
1020211102
In base 2, what is -11010100001010011111 + 0?
-11010100001010011111
In base 12, what is 31201 - 0?
31201
In base 6, what is -1414 + 5?
-1405
In base 13, what is b2 - a48?
-966
In base 16, what is -10b - cc?
-1d7
In base 9, what is -5 - 14426?
-14432
In base 16, what is e3 - -cc?
1af
In base 15, what is 1b53c - -3?
1b540
In base 7, what is 2 - 5413101?
-5413066
In base 6, what is -2443 - -41?
-2402
In base 7, what is 165215 - 2?
165213
In base 13, what is 0 + 28875?
28875
In base 15, what is -48a2 - 9b?
-494d
In base 3, what is 2 + 22201200201?
22201200210
In base 10, what is 55 - 193?
-138
In base 11, what is -302 + -191?
-493
In base 13, what is -3 + 9176a?
91767
In base 16, what is -517 + -3?
-51a
In base 16, what is e2f - 5?
e2a
In base 2, what is 1111000010101 - -1100?
1111000100001
In base 4, what is -201132120 + -3?
-201132123
In base 15, what is 2 - 63ac3?
-63ac1
In base 7, what is -3 + -354341?
-354344
In base 12, what is -9 + -2319?
-2326
In base 16, what is 7c9d0 - 0?
7c9d0
In base 6, what is -32 + -24210?
-24242
In base 4, what is 0 - -22023112?
22023112
In base 9, what is 3 + 20674?
20677
In base 10, what is -1 - -7615?
7614
In base 8, what is 3 + -16360?
-16355
In base 8, what is 606 + 7414?
10222
In base 2, what is 100 - 1110000111010?
-1110000110110
In base 2, what is 101010001000010000 + 101?
101010001000010101
In base 3, what is -12111 - 210220210?
-211010021
In base 3, what is -1012211212001 - -2?
-1012211211222
In base 8, what is -6 - -21162?
21154
In base 2, what is -1101 - 1100011011110001?
-1100011011111110
In base 6, what is 1424 - -11433?
13301
In base 4, what is 3211 + 1010110?
1013321
In base 7, what is -1626 + 2611?
652
In base 5, what is 203014 + 3421?
211440
In base 12, what is 53 - -783?
816
In base 16, what is 3ce - 3fb?
-2d
In base 2, what is 10010111010010100 - 1?
10010111010010011
In base 14, what is -126c + -2d?
-129b
In base 4, what is -2131331 - 0?
-2131331
In base 15, what is 13ab4 - 4?
13ab0
In base 10, what is -1 - -713525?
713524
In base 10, what is -30378 + -17?
-30395
In base 11, what is -139 - 348?
-486
In base 6, what is 5213 - -3551?
13204
In base 4, what is -10 - -1311032022?
1311032012
In base 7, what is -345244 + 1?
-345243
In base 2, what is -1100011111111100 - 101?
-1100100000000001
In base 12, what is -2 + -71b56?
-71b58
In base 16, what is -6 - 3d98?
-3d9e
In base 4, what is 1303022203 + -3?
1303022200
In base 3, what is 21 + 11012201110?
11012201201
In base 2, what is -1 + -100000011010101001?
-100000011010101010
In base 7, what is 15144056 - -3?
15144062
In base 16, what is 238 + -54?
1e4
In base 9, what is -260 - 743?
-1113
In base 12, what is -1 - 362624?
-362625
In base 5, what is -2043 - 1433?
-4031
In base 10, what is -6 + -135282?
-135288
In base 4, what is -211103 + -1303?
-213012
In base 13, what is -538 + -13?
-54b
In base 14, what is -41 - -1d8?
197
In base 11, what is -2516 - a2?
-2608
In base 16, what is 9edd + -4e?
9e8f
In base 9, what is -18880 + 134?
-18745
In base 14, what is 2972 + 2?
2974
In base 14, what is aa63 - a?
aa57
In base 14, what is -4 - -231ad?
231a9
In base 7, what is 1 - 564242?
-564241
In base 3, what is -11 - -12010202110?
12010202022
In base 10, what is 20 - -63?
83
In base 14, what is -208 + -24?
-22c
In base 10, what is 1 + 17820?
17821
In base 14, what is b - c21?
-c14
In base 12, what is -6a492 + -3?
-6a495
In base 3, what is 2 + 2020002022?
2020002101
In base 4, what is 1 - -12022230?
12022231
In base 8, what is -423167 - -3?
-423164
In base 16, what is -2 - -f1e3?
f1e1
In base 16, what is 8aa - a?
8a0
In base 11, what is -5 - -13938?
13933
In base 9, what is 22524113 - -3?
22524116
In base 5, what is -111120033 + -2?
-111120040
In base 13, what is 82 - -c31?
cb3
In base 12, what is -4 + 26a459?
26a455
In base 12, what is 3a79 - 4?
3a75
In base 12, what is 2a70 + 79?
2b29
In base 8, what is -14 + 402?
366
In base 6, what is 0 + 300514?
300514
In base 8, what is -3065 + -31?
-3116
In base 4, what is 13121 + -1232?
11223
In base 7, what is -26 + -1503665?
-1504024
In base 5, what is 0 + -14340?
-14340
In base 2, what is 1 - 1010010000001?
-1010010000000
In base 2, what is 101100110 + 10110110?
1000011100
In base 4, what is 1 + 12023032302?
12023032303
In base 10, what is -6092 - -25?
-6067
In base 6, what is -52 - 3352?
-3444
In base 6, what is 123 - -5500?
10023
In base 5, what is -11122 - 1400?
-13022
In base 10, what is -2607 - -4?
-2603
In base 10, what is 1